ate g(w).
5
Let j(r) = 6*r + 3. Let f(p) = p. Let l(z) = 5*f(z) - j(z). Let c = -86 + 90. Suppose -2*q - 1 = -i - 3, 2*i + 4*q = -c. What is l(i)?
-1
Let g = 8 - 15. Let l be (-30)/g + 4/(-42)*3. Let d(h) = h**3 - 4*h**2 - h - 2. Give d(l).
-6
Let o(g) = 3 - 35 + 17 + 2*g + 37. Calculate o(-13).
-4
Let h(s) be the first derivative of s**3/3 + 9*s**2/2 + s + 52. Give h(-6).
-17
Let r = 16 + -6. Let u = -6 + r. Let i be u/(-6) + 4/6. Let f(z) = -z**3 + z + 6. Determine f(i).
6
Let k(l) = -l**3 + 12*l**2 - 10*l - 10. Let w be k(11). Suppose w = 3*q + 4. Let a(s) = 10*s. Let b(d) = 7*d. Let u(g) = -5*a(g) + 7*b(g). What is u(q)?
1
Let l(j) = -j**2 - 11*j - 39. Let x be -1 + (-3 - 4) - -2. Let b be l(x). Let o(k) = 2*k + 13. Determine o(b).
-5
Let t(a) = -a**3 - a + 27. Suppose 4*b = 4, -30 = -4*y + 4*b - 350. Let u = y - -79. Determine t(u).
27
Let k(p) = -3*p**2 + p. Let l be (-1)/5 + (-96)/120. Give k(l).
-4
Let l(f) be the second derivative of -f**5/20 - 7*f**4/12 + 5*f**3/6 - f**2 + 90*f. Give l(-7).
-37
Let s be ((0 - -5)/(-10))/(2/(-20)). Let c(j) = -j**2 + 3. Give c(s).
-22
Let c(n) = 6 - 18*n - 35*n**2 + 36*n**2 - 2*n**2. Calculate c(-18).
6
Let n(z) be the second derivative of z**3/2 + 3*z**2/2 + 13*z. Let f be n(2). Suppose 3*x - 3 + f = 0. Let h(a) = 2*a + 3. What is h(x)?
-1
Let o be 5*(2 + -5 + 4). Let t(g) = -3*g - g + 5 + o*g + 7. Give t(-5).
7
Suppose -4*h = -5*x - 3*h + 56, -3*x = -3*h - 24. Suppose -7 = -t - x. Let g(n) = 3*n + 6. What is g(t)?
-9
Let x = -6 - -5. Let f(t) be the third derivative of 1/60*t**6 + 0 + 0*t**4 + 0*t**5 + 0*t + 1/6*t**3 + 4*t**2. Determine f(x).
-1
Suppose 4*u - 23 = 1. Let p(g) = 11*g**3 + 11*g**2 + 3*g - 13. Let c(b) = 3*b**3 + 4*b**2 + b - 4. Let r(h) = 7*c(h) - 2*p(h). Give r(u).
4
Suppose 15 = 5*n + 4*k - 27, 0 = -k + 3. Let a(o) = 0*o**2 + 10 + 30*o - 36*o + 2*o**2 - 7 - o**2. Give a(n).
3
Let b(h) be the first derivative of -h**6/120 - h**5/10 - h**4/24 - 4*h**3/3 + 9*h**2/2 - 8. Let z(m) be the second derivative of b(m). Determine z(-6).
-2
Let j(r) = 4*r**3 + 7*r**2 + 7*r + 8 - 1 - 3*r**3. Let w be (-26)/104 - 17/(-4). Suppose -20 - w = 4*b. Determine j(b).
1
Let c be -6*(-15)/(-10)*(-5)/45. Let i(z) = 2*z**2 - z + 2. What is i(c)?
3
Let j(m) = 1 + 5*m**2 - 9*m**3 + 7*m**3 - 2*m + 2*m**3 - 2*m**3. Give j(3).
-14
Let b(i) be the third derivative of i**4/24 + 4*i**2 + 12. Calculate b(-1).
-1
Let i(v) = 46*v - 505. Let z be i(11). Let x(q) = -6*q - 2. Calculate x(z).
-8
Suppose 0 = -g - 3*h - 7, g = -0*g - 5*h - 13. Let i(a) = 0*a**g - 4*a + a**2 + 0*a. Let k = -45 + 47. Calculate i(k).
-4
Let p(l) = 4 - 3 + 6*l + 0. Suppose -4*a = 0, 3*b + 9*a - 5*a - 6 = 0. Calculate p(b).
13
Let p(g) be the third derivative of -g**6/120 - g**5/30 + g**4/12 + g**3/6 - 8*g**2. Let l = -285 - -283. What is p(l)?
-3
Suppose -35*p - 35 = -30*p. Let o(z) = -z**3 - z**2 + 5*z + 3 + z - 5*z**2. Determine o(p).
10
Let x(k) = k**2 + 6*k + 1. Let y(a) = -a**3 + 11*a**2 - 21*a - 32. Let p be y(8). Determine x(p).
17
Let h(z) = -z**2 + 2*z - 2. Let a be (-427)/(-28) + 3/(-12). Let p(y) = y**3 - 16*y**2 + 17*y - 2. Let q be p(a). Let d = 32 - q. What is h(d)?
-10
Let s = 27 + -23. Suppose j + 0*p = s*p - 8, -4*j = -2*p + 32. Let o(z) = -z**2 - 9*z - 2. Determine o(j).
6
Let t(o) = o**3 + 6*o**2 - 7*o - 6. Let z(a) = -2*a + 7. Let b be z(-3). Suppose -28 = -q + f - 0*f, -2*f = q - b. Suppose 3*g + q = 2. What is t(g)?
-6
Let m(s) = 5*s**3 - 4*s**2 - 7*s - 9. Let b(c) = -4*c**3 + 4*c**2 + 6*c + 8. Let w(p) = 6*b(p) + 5*m(p). Determine w(-4).
-1
Let d(j) = j**2 - 7*j + 11. Let b(s) = 4*s**2 - 28*s + 45. Let c(n) = -2*b(n) + 9*d(n). What is c(4)?
-3
Let y(d) = -6*d. Suppose -2*k + h = -h - 16, 4*k - 20 = h. Suppose -4*p = -4*r - k, p - 3*r - 7 = -0*p. What is y(p)?
12
Let s(u) = -1. Let h(k) = 9*k - 3. Let t(p) = 2*h(p) - 14*s(p). Let d(z) = 12*z + 5. Let f(c) = 8*d(c) - 5*t(c). Determine f(-1).
-6
Let g(d) be the first derivative of 1/2*d**2 - 13 - 7*d. Give g(0).
-7
Let z(n) = -10*n + 1089 - 11*n**2 - 542 - 539 - n**3. Determine z(-10).
8
Let c(j) = -j**3 - j**2 + 4*j + 3. Let n be -81*-3*1/27*3. Let v = n - 29. Calculate c(v).
-1
Let w = -141 - -147. Let c(x) = x**3 - 6*x**2 + x - 3. Determine c(w).
3
Let r(q) be the second derivative of q**5/20 - q**4/4 + q**3/3 - 3*q**2/2 - 120*q - 1. Suppose 5*b = -5*a, -6*a + 3 = 2*b - 5*a. Give r(b).
3
Let j(n) = n**3 + 9*n**2 + 8*n. Let q(s) = s**3 - 16*s**2 + 15*s - 7. Let i be q(15). Let p = -1 + i. Give j(p).
0
Let h = -10 - -17. Let v be ((-8)/10)/((-1)/(-5)). Let a = v + h. Let o(z) = -z**3 + 2*z**2 + 2*z - 1. Determine o(a).
-4
Let h(r) = 7*r**2 + 7*r - 7. Suppose 0*c - 12 = -2*c. Let p(d) = -6*d**2 - 6*d + 6. Let z(n) = c*p(n) + 5*h(n). Let q = 41 - 39. Determine z(q).
-5
Let j(o) = 2*o - 2. Let r be j(-3). Let m(x) be the third derivative of x**6/120 + 7*x**5/60 - 3*x**4/8 - 11*x**3/6 - 7*x**2 - x. Determine m(r).
-3
Let b(q) = q**2 + 3*q + 7 + 0*q**2 + 2*q. Let i be (11 - -4)*5/(-15). Let z(a) = -a**2 - 3*a + 5. Let c be z(i). Calculate b(c).
7
Let l(s) = -3*s**2 - 3*s + 4. Let z be 27/(-1 - (2 - 1 - 3)). Suppose 4*v + z = -5*v. Determine l(v).
-14
Suppose -9*t + 48 = -25*t. Let o(s) = -9*s - 3. Let a(k) = 16*k + 7. Let h(c) = t*a(c) - 5*o(c). Suppose 0 = 2*p - 3*z - 5 + 4, -4*p = 5*z + 31. What is h(p)?
6
Let m(s) = -s**3 + 6*s**2 + 6*s + 11. Let t = -10 + 17. Let w be m(t). Let h(g) = -g**3 + 4*g**2 - 5. Give h(w).
-5
Let r be (-4 - -3)/(5 + 192/(-40)). Let q(x) = -x**2 - 9*x - 17. Give q(r).
3
Suppose 0 = 2*r - 2*a, 97*r - 100*r - 5*a + 16 = 0. Let u(w) = 10*w**2 - w - 1. Calculate u(r).
37
Let a = 21 + -5. Let u(w) = w**3 + 4*w + 2. Let k be u(-2). Let t = k + a. Let b(r) = r**3 - 4*r**2 + 4*r - 2. Give b(t).
-2
Let p be (-6)/18*9/(-1). Suppose -f + 2*z + 2 = -5, -p*f - 34 = 5*z. Let h(r) be the first derivative of r**4/4 + 4*r**3/3 + 2*r**2 + 3*r + 4. Give h(f).
0
Let z(o) = o**2 - 2*o - 2. Suppose b - 3*l + 3 = 0, -b = 2*b + 3*l - 15. Let i(j) = -j**2 + 2*j + 3. Let m(u) = b*i(u) + 4*z(u). What is m(1)?
0
Let q(l) = 2*l**3 + 13*l**2 - 3*l - 3. Let h(k) = -k**3 - 4*k**2 + k + 1. Let t(w) = 7*h(w) + 2*q(w). Give t(-2).
15
Let u(v) = -10*v. Let f be (1 - (-21)/(-14))*-2 + 0. Give u(f).
-10
Let j(r) = -r**2 + 10*r + 16. Let s be 9/6*(-44)/(-6). Let o be j(s). Let i(w) = 6 - 3*w + 4*w - 2*w. What is i(o)?
1
Let s(i) = i**2 - 3*i + 1. Let o(t) = 3*t**2 + 6*t - 31. Let y(r) = -o(r) + 2*s(r). Give y(-14).
5
Let q be (16/(-6) + 3)*0. Suppose -2*j + 2*f + 2 = q, 0 = -4*j + f - 3 - 8. Let n(i) = i + 1. Let z(h) = 2*h + 2. Let u(w) = -5*n(w) + 2*z(w). Determine u(j).
3
Let y(c) = -5*c - 10. Let m be (-10)/(2/(-1)) - -1. Suppose -8*s + 5*s = 15. Let r(v) = -4*v - 9. Let h(w) = m*r(w) + s*y(w). Determine h(5).
1
Let u(m) = -3*m + 11. Let r(c) = c**2 + 31*c + 5. Let g be r(-31). Calculate u(g).
-4
Suppose x + 3 = 3*y, -3*x - y + 2*y = -7. Suppose 0 = l + x + 2. Let q(z) = z**3 + 6*z**2 + 2*z - 7. Calculate q(l).
8
Let a(o) be the first derivative of -o**4/4 + 5*o**3/3 - 2*o**2 + 10. Let p be a(3). Let f(l) = l**3 - 7*l**2 + 6*l + 4. Give f(p).
4
Let n be (-21 - -21)/(2*-1). Let y(a) = -a**3 - a**2 - a + 4. Give y(n).
4
Let t = -54 - -36. Let a = t - -26. Let f(q) = 5*q - 9*q + 5*q - a. Calculate f(4).
-4
Suppose 30*o - 175 = 5. Let x(t) = -t**3 + 5*t**2 + 6*t - 7. Calculate x(o).
-7
Suppose 4*s - d - 42 = 58, 4*d = 16. Let a(p) = -17*p + s*p - p**2 - 3 - 15*p. Give a(-4).
5
Let b(p) be the first derivative of p**3/3 + 5*p**2 - 7*p - 1. Suppose a = 63 - 73. Give b(a).
-7
Let y(u) = u**3 - 2*u**2 + u + 3. Let q(m) = -8*m**2 + m + 10. Let z(l) = -q(l) + y(l). Let f = -6 - 0. Give z(f).
-7
Suppose -3*m = 3*t + 27, 0 = t + 3*t + 2*m + 38. Let d(b) = -b**3 - 3*b - 5 + 0*b - 2*b + 4*b - 10*b**2. Calculate d(t).
5
Let g = -128 + 124. Let v(y) = y**3 + 4*y**2 + 4*y - 3. Calculate v(g).
-19
Let y(w) = 0 - 2 - 1 + 2 - 3*w**2 - w**3. Suppose 5*a = -2*a - 28. Determine y(a).
15
Let s(v) = v - 1. Let t be s(3). Let m be 3/t*24/18. Suppose 0 = -m*g - 0*g + 10. Let r(c) = c + 2. Give r(g).
7
Let m(w) = w**2 - 23*w - 48. Let i be m(25). Let p(v) be the first derivative of -3*v**2/2 - 10. Determine p(i).
-6
Suppose -15 = -3*s - 2*s. Let o(l) = -l**2 - l**2 - 9*l - 6 + 4*l**2 - s*l**2. Give o(-5).
1